{"id":133,"date":"2017-12-11T13:12:28","date_gmt":"2017-12-11T13:12:28","guid":{"rendered":"https:\/\/ziskede-tclkt9ynv0.live-website.com\/?page_id=133"},"modified":"2019-02-17T16:22:46","modified_gmt":"2019-02-17T16:22:46","slug":"start-sve","status":"publish","type":"page","link":"https:\/\/ziske.de\/?page_id=133&lang=sv","title":{"rendered":"B\u00f6rjan"},"content":{"rendered":"<p>B\u00f6rjan<\/p>\n\n\n<blockquote class=\"wp-block-quote is-layout-flow wp-block-quote-is-layout-flow\"><p>P\u00e5 m\u00e5nga s\u00e4tt kan arbetet som kritiker vara l\u00e4tthanterlig.\nVi riskerar lite \u00e4nd\u00e5 gl\u00e4der vi oss \u00f6ver v\u00e5r \u00f6verl\u00e4gsenhet gentemot de som \u00f6verl\u00e4mnar sig och sitt verk i v\u00e5ra d\u00f6mande h\u00e4nder. \nDet mest tillfredsst\u00e4llande kritikerna \u00e4r de negativa kritikerna, dessa \u00e4r b\u00e5de roande att skriva och att l\u00e4sa. \nVi kritiker m\u00e5ste inse att sanningen \u00e4r annorlunda. I verkligheten \u00e4r det ordin\u00e4ra, den genomsnittliga produkten alltid mer v\u00e4rt \u00e4n kritiken som k\u00e4nnetecknar det som s\u00e5dana.\nDock finns det tider d\u00e4r vi kritiker riskerar n\u00e5got, d\u00e5 n\u00e4r det handlar om att uppt\u00e4ckta och f\u00f6rsvara det nya.\nV\u00e4rlden reagerar ov\u00e4nligt gentemot nya talenter och kreationer.\nDet nya beh\u00f6ver v\u00e4nner.\n<br>The new needs friends!<br><\/p><cite><br>Anton Ego&nbsp;(Brad Bird) \u2013 Ratatouille , The Movie<\/cite><\/blockquote>\n","protected":false},"excerpt":{"rendered":"<p>B\u00f6rjan P\u00e5 m\u00e5nga s\u00e4tt kan arbetet som kritiker vara l\u00e4tthanterlig. Vi riskerar lite \u00e4nd\u00e5 gl\u00e4der vi oss \u00f6ver v\u00e5r \u00f6verl\u00e4gsenhet gentemot de som \u00f6verl\u00e4mnar sig och sitt verk i v\u00e5ra d\u00f6mande h\u00e4nder. Det mest tillfredsst\u00e4llande kritikerna \u00e4r de negativa kritikerna, dessa \u00e4r b\u00e5de roande att skriva och att l\u00e4sa. Vi kritiker m\u00e5ste inse att sanningen &hellip; <\/p>\n<p class=\"link-more\"><a href=\"https:\/\/ziske.de\/?page_id=133&#038;lang=sv\" class=\"more-link\"><span class=\"screen-reader-text\">\u201eB\u00f6rjan\u201c<\/span> weiterlesen<\/a><\/p>\n","protected":false},"author":1,"featured_media":311,"parent":0,"menu_order":0,"comment_status":"closed","ping_status":"closed","template":"","meta":{"footnotes":""},"class_list":["post-133","page","type-page","status-publish","has-post-thumbnail","hentry","entry"],"_links":{"self":[{"href":"https:\/\/ziske.de\/index.php?rest_route=\/wp\/v2\/pages\/133","targetHints":{"allow":["GET"]}}],"collection":[{"href":"https:\/\/ziske.de\/index.php?rest_route=\/wp\/v2\/pages"}],"about":[{"href":"https:\/\/ziske.de\/index.php?rest_route=\/wp\/v2\/types\/page"}],"author":[{"embeddable":true,"href":"https:\/\/ziske.de\/index.php?rest_route=\/wp\/v2\/users\/1"}],"replies":[{"embeddable":true,"href":"https:\/\/ziske.de\/index.php?rest_route=%2Fwp%2Fv2%2Fcomments&post=133"}],"version-history":[{"count":4,"href":"https:\/\/ziske.de\/index.php?rest_route=\/wp\/v2\/pages\/133\/revisions"}],"predecessor-version":[{"id":419,"href":"https:\/\/ziske.de\/index.php?rest_route=\/wp\/v2\/pages\/133\/revisions\/419"}],"wp:featuredmedia":[{"embeddable":true,"href":"https:\/\/ziske.de\/index.php?rest_route=\/wp\/v2\/media\/311"}],"wp:attachment":[{"href":"https:\/\/ziske.de\/index.php?rest_route=%2Fwp%2Fv2%2Fmedia&parent=133"}],"curies":[{"name":"wp","href":"https:\/\/api.w.org\/{rel}","templated":true}]}}